{"id":40,"date":"2019-04-26T00:31:59","date_gmt":"2019-04-25T22:31:59","guid":{"rendered":"https:\/\/hanauer-gebaeudetechnik.de\/?page_id=40"},"modified":"2021-04-11T22:18:08","modified_gmt":"2021-04-11T20:18:08","slug":"impressum","status":"publish","type":"page","link":"https:\/\/www.hanauer-gebaeudetechnik.de\/?page_id=40","title":{"rendered":"Impressum"},"content":{"rendered":"<div  class='avia-button-wrap av-jux7zxwg-b8b37bdcf59601be3ffbe8f2ec466326-wrap avia-button-center  avia-builder-el-0  el_before_av_hr  avia-builder-el-first '><a href='https:\/\/www.hanauer-gebaeudetechnik.de\/'  class='avia-button av-jux7zxwg-b8b37bdcf59601be3ffbe8f2ec466326 av-link-btn avia-icon_select-yes-left-icon avia-size-small avia-position-center avia-color-theme-color'   aria-label=\"zur\u00fcck\"><span class='avia_button_icon avia_button_icon_left avia-iconfont avia-font-entypo-fontello' data-av_icon='\ue830' data-av_iconfont='entypo-fontello' ><\/span><span class='avia_iconbox_title' >zur\u00fcck<\/span><\/a><\/div>\n\n<style type=\"text\/css\" data-created_by=\"avia_inline_auto\" id=\"style-css-av-juzlu80z-00dd21e5c019fb14e9264e54aa36938d\">\n#top .hr.hr-invisible.av-juzlu80z-00dd21e5c019fb14e9264e54aa36938d{\nheight:15px;\n}\n<\/style>\n<div  class='hr av-juzlu80z-00dd21e5c019fb14e9264e54aa36938d hr-invisible  avia-builder-el-1  el_after_av_button  el_before_av_textblock '><span class='hr-inner '><span class=\"hr-inner-style\"><\/span><\/span><\/div>\n<section  class='av_textblock_section av-jv3mv7xr-344cb7e0096f05cb4c78bb90dc7c50f4 '   itemscope=\"itemscope\" itemtype=\"https:\/\/schema.org\/CreativeWork\" ><div class='avia_textblock'  itemprop=\"text\" ><h2>Impressum<\/h2>\n<p>Geb\u00e4udetechnik Hanauer<br \/>\nPeter Hanauer<br \/>\nHauptstra\u00dfe 19<br \/>\n76831 Impflingen<\/p>\n<\/div><\/section>\n<article  class='iconbox iconbox_left av-jv3n4nrn-3c839d2c372988840b21bd5d045be7da  avia-builder-el-3  el_after_av_textblock  el_before_av_icon_box '  itemscope=\"itemscope\" itemtype=\"https:\/\/schema.org\/CreativeWork\" ><div class=\"iconbox_content\"><header class=\"entry-content-header\" aria-label=\"Icon: Telefon\"><a href='tel:\/\/004963419595560' title='Telefon' aria-label='Telefon'  class='iconbox_icon heading-color avia-iconfont avia-font-entypo-fontello' data-av_icon='' data-av_iconfont='entypo-fontello' title=\"Telefon\" desc=\"Telefon\" ><\/a><h3 class='iconbox_content_title '  itemprop=\"headline\" ><a href='tel:\/\/004963419595560' title='Telefon' >Telefon<\/a><\/h3><\/header><div class='iconbox_content_container '  itemprop=\"text\" ><p><a href=\"tel:\/\/004963419595560\">+49 6341 95955-60<\/a><\/p>\n<\/div><\/div><footer class=\"entry-footer\"><\/footer><\/article>\n<article  class='iconbox iconbox_left av-jv3n4nrn-6fa6bfbf4f0acd6f6817ea8f7556fcb3  avia-builder-el-4  el_after_av_icon_box  el_before_av_icon_box '  itemscope=\"itemscope\" itemtype=\"https:\/\/schema.org\/CreativeWork\" ><div class=\"iconbox_content\"><header class=\"entry-content-header\" aria-label=\"Icon: Fax\"><a href='tel:\/\/004963419595561' title='Fax' aria-label='Fax'  class='iconbox_icon heading-color avia-iconfont avia-font-entypo-fontello' data-av_icon='\ue838' data-av_iconfont='entypo-fontello' title=\"Fax\" desc=\"Fax\" ><\/a><h3 class='iconbox_content_title '  itemprop=\"headline\" ><a href='tel:\/\/004963419595561' title='Fax' >Fax<\/a><\/h3><\/header><div class='iconbox_content_container '  itemprop=\"text\" ><p><a href=\"tel:\/\/004963419595560\">+49 6341 95955-61<\/a><\/p>\n<\/div><\/div><footer class=\"entry-footer\"><\/footer><\/article>\n<article  class='iconbox iconbox_left av-jv3n4nrn-73400c224d60ad3a9c166bf6a0cdc6dc  avia-builder-el-5  el_after_av_icon_box  el_before_av_textblock '  itemscope=\"itemscope\" itemtype=\"https:\/\/schema.org\/CreativeWork\" ><div class=\"iconbox_content\"><header class=\"entry-content-header\" aria-label=\"Icon: Mail\"><a href='mailto:info@hanauer-gebaeudetechnik.de' title='Mail' aria-label='Mail'  class='iconbox_icon heading-color avia-iconfont avia-font-entypo-fontello' data-av_icon='\ue805' data-av_iconfont='entypo-fontello' title=\"Mail\" desc=\"Mail\" ><\/a><h3 class='iconbox_content_title '  itemprop=\"headline\" ><a href='mailto:info@hanauer-gebaeudetechnik.de' title='Mail' >Mail<\/a><\/h3><\/header><div class='iconbox_content_container '  itemprop=\"text\" ><p><a href=\"mailto:info@hanauer-gebaeudetechnik.de\">info@hanauer-gebaeudetechnik.de<\/a><\/p>\n<\/div><\/div><footer class=\"entry-footer\"><\/footer><\/article>\n<section  class='av_textblock_section av-jv3ndmif-94c2eb8ae6f83724bda76f0267e977a2 '   itemscope=\"itemscope\" itemtype=\"https:\/\/schema.org\/CreativeWork\" ><div class='avia_textblock'  itemprop=\"text\" ><h3>Aufsichtsbeh\u00f6rde<\/h3>\n<p>Handwerkskammer der Pfalz: <a href=\"https:\/\/hwk-pfalz.de\">https:\/\/hwk-pfalz.de<\/a><\/p>\n<h3>Registereintragungen<\/h3>\n<h4>Zust\u00e4ndige Kammer<\/h4>\n<p>Handwerkskammer der Pfalz<br \/>\nAm Altenhof 15<br \/>\n67655 Kaiserslautern<\/p>\n<h4>Berufsbezeichnung<\/h4>\n<ul>\n<li>Elektrotechniker<\/li>\n<li>Installateur und Heizungsbauer<\/li>\n<\/ul>\n<h3>Umsatzsteueridentifikationsnummer<\/h3>\n<p>Umsatzsteuer-Identifikationsnummer gem\u00e4\u00df \u00a727 a Umsatzsteuergesetz: <strong>DE246314576<\/strong><\/p>\n<\/div><\/section>\n<div  class='hr av-juzlu80z-4856d6a081d233342cf0c7e83077cd29 hr-default  avia-builder-el-7  el_after_av_textblock  el_before_av_textblock '><span class='hr-inner '><span class=\"hr-inner-style\"><\/span><\/span><\/div>\n<section  class='av_textblock_section av-jv3o5aaw-7bf95d452807281efef4f8531a6b29ef '   itemscope=\"itemscope\" itemtype=\"https:\/\/schema.org\/CreativeWork\" ><div class='avia_textblock'  itemprop=\"text\" ><h3>Haftung f\u00fcr Inhalte<\/h3>\n<p>Als Diensteanbieter sind wir gem\u00e4\u00df \u00a7 7 Abs.1 TMG f\u00fcr eigene Inhalte auf diesen Seiten nach den allgemeinen Gesetzen verantwortlich. Nach \u00a7\u00a7 8 bis 10 TMG sind wir als Diensteanbieter jedoch nicht verpflichtet, \u00fcbermittelte oder gespeicherte fremde Informationen zu \u00fcberwachen oder nach Umst\u00e4nden zu forschen, die auf eine rechtswidrige T\u00e4tigkeit hinweisen.<\/p>\n<p>Verpflichtungen zur Entfernung oder Sperrung der Nutzung von Informationen nach den allgemeinen Gesetzen bleiben hiervon unber\u00fchrt. Eine diesbez\u00fcgliche Haftung ist jedoch erst ab dem Zeitpunkt der Kenntnis einer konkreten Rechtsverletzung m\u00f6glich. Bei Bekanntwerden von entsprechenden Rechtsverletzungen werden wir diese Inhalte umgehend entfernen.<\/p>\n<h3>Haftung f\u00fcr Links<\/h3>\n<p>Unser Angebot enth\u00e4lt Links zu externen Websites Dritter, auf deren Inhalte wir keinen Einfluss haben. Deshalb k\u00f6nnen wir f\u00fcr diese fremden Inhalte auch keine Gew\u00e4hr \u00fcbernehmen. F\u00fcr die Inhalte der verlinkten Seiten ist stets der jeweilige Anbieter oder Betreiber der Seiten verantwortlich. Die verlinkten Seiten wurden zum Zeitpunkt der Verlinkung auf m\u00f6gliche Rechtsverst\u00f6\u00dfe \u00fcberpr\u00fcft. Rechtswidrige Inhalte waren zum Zeitpunkt der Verlinkung nicht erkennbar.<\/p>\n<p>Eine permanente inhaltliche Kontrolle der verlinkten Seiten ist jedoch ohne konkrete Anhaltspunkte einer Rechtsverletzung nicht zumutbar. Bei Bekanntwerden von Rechtsverletzungen werden wir derartige Links umgehend entfernen.<\/p>\n<h3>Urheberrecht<\/h3>\n<p>Die durch die Seitenbetreiber erstellten Inhalte und Werke auf diesen Seiten unterliegen dem deutschen Urheberrecht. Die Vervielf\u00e4ltigung, Bearbeitung, Verbreitung und jede Art der Verwertung au\u00dferhalb der Grenzen des Urheberrechtes bed\u00fcrfen der schriftlichen Zustimmung des jeweiligen Autors bzw. Erstellers. Downloads und Kopien dieser Seite sind nur f\u00fcr den privaten, nicht kommerziellen Gebrauch gestattet.<\/p>\n<p>Soweit die Inhalte auf dieser Seite nicht vom Betreiber erstellt wurden, werden die Urheberrechte Dritter beachtet. Insbesondere werden Inhalte Dritter als solche gekennzeichnet. Sollten Sie trotzdem auf eine Urheberrechtsverletzung aufmerksam werden, bitten wir um einen entsprechenden Hinweis. Bei Bekanntwerden von Rechtsverletzungen werden wir derartige Inhalte umgehend entfernen.<\/p>\n<p>Quelle: <a href=\"https:\/\/www.e-recht24.de\">e-recht24.de<\/a><\/p>\n<\/div><\/section>\n<div  class='hr av-juzlu80z-4856d6a081d233342cf0c7e83077cd29 hr-default  avia-builder-el-9  el_after_av_textblock  el_before_av_textblock '><span class='hr-inner '><span class=\"hr-inner-style\"><\/span><\/span><\/div>\n<section  class='av_textblock_section av-jv5gy3sq-be739364e8fc8884ac8045b4fd96de56 '   itemscope=\"itemscope\" itemtype=\"https:\/\/schema.org\/CreativeWork\" ><div class='avia_textblock'  itemprop=\"text\" ><h3>Technischer Ansprechpartner<\/h3>\n<p>Morningstar IT-Solutions<br \/>\nMartin Ziegler<br \/>\nSpring 7<br \/>\n76835 Weyher in der Pfalz<\/p>\n<p>Website:\u00a0<a href=\"https:\/\/www.morningstar-it.de\/\">https:\/\/www.morningstar-it.de\/<\/a><br \/>\nE-Mail: <a href=\"mailto:info@morningstar-it.de\">info@morningstar-it.de<\/a><\/p>\n<\/div><\/section>\n<div  class='avia-button-wrap av-jux7zxwg-b8b37bdcf59601be3ffbe8f2ec466326-wrap avia-button-center  avia-builder-el-11  el_after_av_textblock  avia-builder-el-last '><a href='https:\/\/www.hanauer-gebaeudetechnik.de\/'  class='avia-button av-jux7zxwg-b8b37bdcf59601be3ffbe8f2ec466326 av-link-btn avia-icon_select-yes-left-icon avia-size-small avia-position-center avia-color-theme-color'   aria-label=\"zur\u00fcck\"><span class='avia_button_icon avia_button_icon_left avia-iconfont avia-font-entypo-fontello' data-av_icon='\ue830' data-av_iconfont='entypo-fontello' ><\/span><span class='avia_iconbox_title' >zur\u00fcck<\/span><\/a><\/div>\n","protected":false},"excerpt":{"rendered":"","protected":false},"author":3,"featured_media":0,"parent":0,"menu_order":0,"comment_status":"closed","ping_status":"closed","template":"","meta":{"footnotes":""},"class_list":["post-40","page","type-page","status-publish","hentry"],"_links":{"self":[{"href":"https:\/\/www.hanauer-gebaeudetechnik.de\/index.php?rest_route=\/wp\/v2\/pages\/40","targetHints":{"allow":["GET"]}}],"collection":[{"href":"https:\/\/www.hanauer-gebaeudetechnik.de\/index.php?rest_route=\/wp\/v2\/pages"}],"about":[{"href":"https:\/\/www.hanauer-gebaeudetechnik.de\/index.php?rest_route=\/wp\/v2\/types\/page"}],"author":[{"embeddable":true,"href":"https:\/\/www.hanauer-gebaeudetechnik.de\/index.php?rest_route=\/wp\/v2\/users\/3"}],"replies":[{"embeddable":true,"href":"https:\/\/www.hanauer-gebaeudetechnik.de\/index.php?rest_route=%2Fwp%2Fv2%2Fcomments&post=40"}],"version-history":[{"count":22,"href":"https:\/\/www.hanauer-gebaeudetechnik.de\/index.php?rest_route=\/wp\/v2\/pages\/40\/revisions"}],"predecessor-version":[{"id":248,"href":"https:\/\/www.hanauer-gebaeudetechnik.de\/index.php?rest_route=\/wp\/v2\/pages\/40\/revisions\/248"}],"wp:attachment":[{"href":"https:\/\/www.hanauer-gebaeudetechnik.de\/index.php?rest_route=%2Fwp%2Fv2%2Fmedia&parent=40"}],"curies":[{"name":"wp","href":"https:\/\/api.w.org\/{rel}","templated":true}]}}